6
Calculate the greatest common divisor of 465 and 2730.
15
Calculate the highest common divisor of 10 and 466245.
5
What is the greatest common divisor of 130453 and 191?
191
Calculate the greatest common factor of 16893 and 3.
3
Calculate the greatest common divisor of 894 and 12588.
6
Calculate the highest common factor of 1900 and 43600.
100
What is the highest common factor of 311710 and 73?
73
Calculate the greatest common factor of 861533 and 41.
41
Calculate the highest common divisor of 7671 and 687.
3
Calculate the greatest common factor of 125 and 5370.
5
What is the highest common factor of 338 and 781287?
169
What is the highest common divisor of 16791 and 171963?
579
What is the highest common divisor of 1006148 and 1716?
572
Calculate the greatest common factor of 1142006 and 282.
94
What is the greatest common factor of 120584 and 54?
2
Calculate the greatest common factor of 209 and 7271.
11
What is the greatest common divisor of 604 and 29294?
302
Calculate the highest common divisor of 180 and 1236.
12
What is the highest common factor of 52715 and 12545?
65
Calculate the highest common factor of 13446 and 3888.
162
What is the greatest common factor of 492 and 19644?
12
What is the greatest common divisor of 1678135 and 193?
193
What is the greatest common factor of 7898 and 238376?
718
Calculate the highest common factor of 1770 and 118059.
177
What is the greatest common divisor of 1274 and 44278?
26
Calculate the highest common factor of 10330 and 860.
10
Calculate the highest common divisor of 105 and 3221820.
105
What is the highest common factor of 154050 and 510?
30
Calculate the greatest common divisor of 280 and 60736.
8
Calculate the greatest common divisor of 21820 and 40.
20
What is the highest common divisor of 356 and 52154?
178
What is the highest common factor of 129514 and 231?
77
What is the highest common divisor of 816 and 587928?
408
Calculate the greatest common factor of 173 and 235453.
173
What is the greatest common divisor of 595799 and 51?
17
Calculate the greatest common divisor of 143811 and 342.
171
Calculate the highest common divisor of 44847 and 509927.
1661
Calculate the greatest common divisor of 600 and 24200.
200
Calculate the highest common factor of 100 and 371900.
100
What is the highest common factor of 151278 and 26?
2
What is the greatest common factor of 89862 and 663?
51
Calculate the greatest common divisor of 3399 and 9888.
309
What is the greatest common factor of 378 and 209930?
14
Calculate the highest common divisor of 52 and 308828.
52
What is the highest common divisor of 1728 and 249552?
144
What is the greatest common factor of 3984 and 4736?
16
What is the greatest common divisor of 35 and 309505?
35
Calculate the highest common factor of 711 and 17617.
79
Calculate the highest common divisor of 999 and 13024.
37
What is the highest common factor of 1051281 and 287?
287
What is the highest common factor of 182097 and 9?
9
What is the greatest common factor of 7591504 and 464?
464
What is the highest common divisor of 50 and 1961?
1
Calculate the greatest common factor of 14865 and 65.
5
What is the highest common factor of 46256 and 24?
8
What is the highest common factor of 3995 and 187?
17
Calculate the greatest common divisor of 303 and 619635.
303
Calculate the greatest common factor of 261 and 470061.
261
Calculate the greatest common factor of 4284 and 340.
68
What is the highest common factor of 472 and 866356?
236
Calculate the highest common divisor of 94524 and 12.
12
Calculate the greatest common factor of 15824 and 258.
86
Calculate the greatest common factor of 23715 and 2125.
85
Calculate the highest common divisor of 17593 and 2169.
241
Calculate the highest common factor of 1076 and 7352.
4
What is the greatest common factor of 11360 and 1562?
142
Calculate the greatest common divisor of 2482 and 12994.
146
Calculate the greatest common divisor of 123635 and 5.
5
Calculate the greatest common factor of 661 and 813.
1
Calculate the highest common factor of 372 and 319164.
12
Calculate the greatest common factor of 243 and 969327.
243
Calculate the greatest common factor of 101853 and 9.
9
Calculate the greatest common factor of 20 and 20676.
4
What is the highest common divisor of 1624 and 44225?
29
Calculate the highest common divisor of 22423 and 442.
17
What is the greatest common factor of 5854715 and 85?
85
Calculate the greatest common divisor of 104453 and 871.
67
What is the greatest common divisor of 32518 and 17404?
458
What is the highest common factor of 4520 and 735?
5
Calculate the greatest common divisor of 1856 and 529192.
232
Calculate the highest common divisor of 62358 and 84.
6
What is the highest common divisor of 48708 and 660?
132
Calculate the greatest common divisor of 20 and 26170.
10
What is the greatest common factor of 40 and 144680?
40
Calculate the greatest common factor of 6561 and 321.
3
Calculate the highest common divisor of 10336 and 16188.
76
What is the greatest common factor of 19334 and 98?
14
What is the greatest common divisor of 4646720 and 20?
20
What is the greatest common factor of 9 and 3177?
9
What is the greatest common factor of 10734 and 96?
6
What is the highest common factor of 6 and 953?
1
Calculate the greatest common divisor of 218 and 36733.
109
What is the greatest common factor of 224 and 304864?
224
What is the greatest common divisor of 1587 and 161?
23
What is the greatest common factor of 588 and 398713?
49
Calculate the greatest common divisor of 135 and 32859.
27
Calculate the highest common divisor of 4977 and 553.
553
Calculate the greatest common factor of 178490 and 130.
130
Calculate the greatest common divisor of 9060 and 720.
60
Calculate the greatest common divisor of 8 and 223352.
8
What is the greatest common divisor of 50 and 410450?
50
Calculate the greatest common divisor of 98487 and 558.
279
What is the greatest common factor of 70 and 20690?
10
What is the greatest common factor of 75 and 21100?
25
Calculate the greatest common divisor of 845121 and 227.
227
What is the highest common factor of 468 and 110604?
156
What is the greatest common divisor of 110 and 154715?
55
Calculate the highest common divisor of 2392 and 4472.
104
Calculate the highest common divisor of 1243 and 479685.
113
What is the greatest common divisor of 258704 and 4408?
152
What is the highest common divisor of 19589 and 38?
19
Calculate the greatest common divisor of 8 and 81596.
4
Calculate the greatest common factor of 1275 and 221475.
75
Calculate the greatest common divisor of 73059 and 252.
21
What is the greatest common factor of 5296 and 66531?
331
What is the greatest common divisor of 75922 and 68?
34
What is the highest common divisor of 415780 and 10?
10
What is the greatest common divisor of 1062145 and 455?
35
What is the greatest common factor of 9856 and 33187?
77
What is the highest common factor of 277 and 468961?
277
Calculate the greatest common factor of 301 and 123754.
43
Calculate the highest common factor of 631761 and 13.
13
Calculate the highest common factor of 305 and 1355.
5
Calculate the greatest common factor of 219 and 4618637.
73
Calculate the highest common factor of 248 and 9083.
31
Calculate the highest common factor of 2869 and 1661.
151
Calculate the highest common divisor of 48114 and 3402.
486
What is the highest common divisor of 2058 and 48?
6
Calculate the greatest common divisor of 26706 and 8.
2
What is the greatest common divisor of 8 and 542578?
2
Calculate the greatest common divisor of 768124 and 98.
98
What is the highest common divisor of 52 and 44564?
52
What is the highest common divisor of 5 and 16523?
1
What is the greatest common divisor of 49 and 13223?
7
Calculate the highest common divisor of 2862 and 21078.
18
Calculate the greatest common factor of 288 and 850320.
144
What is the highest common divisor of 19926 and 67554?
486
What is the greatest common divisor of 1374464 and 208?
208
What is the greatest common factor of 550 and 8206?
22
Calculate the highest common factor of 18013996 and 1636.
1636
Calculate the highest common divisor of 1119824 and 12888.
1432
Calculate the greatest common divisor of 1602 and 3096666.
1602
Calculate 